t q be s(-3). Is 2798/6 - q/33 prime?
True
Let n = 4 - 0. Suppose -28 = -4*w - i, 3*w - 25 = -n*i - 4. Suppose -2*v + w*v - 35 = 0. Is v a prime number?
True
Let z(p) = 128*p**2 - 7*p. Let j be z(-5). Suppose j = 11*g - 6*g. Is g composite?
False
Is 1/((-5)/16190*-2) a prime number?
True
Suppose -5*s = 56 - 1. Let m = 21 + s. Is m a prime number?
False
Let b(y) = -5*y**3 - 4*y**2 - y - 21. Let n(i) = i**3 + i**2 + 5. Let r(l) = -2*b(l) - 9*n(l). Is r(4) prime?
True
Let i = 0 + 2. Is 35 - i/(4 - 2) prime?
False
Suppose w - 557 = -20. Is w prime?
False
Let f be 2 + 0 + (-3)/1. Let p be -1*(0 + 5)/f. Suppose 52 = p*h - h. Is h composite?
False
Let q = 11 + -14. Is 149*q*(-2)/6 a prime number?
True
Suppose -4*j - g + 97 = -212, 3*g = -3*j + 234. Let w = j + -39. Is w prime?
False
Let r(j) = 101*j**3 - 3*j**2 - 4*j - 6. Let f(o) = -152*o**3 + 4*o**2 + 6*o + 9. Let n(w) = 5*f(w) + 7*r(w). Is n(-2) composite?
False
Is 2*10/6*(-9)/(-2) composite?
True
Let j be -7*((-102)/(-2))/3. Let x = j - -184. Is x a prime number?
False
Suppose h = 2*u - 3*u + 4, -4*u + 5*h + 34 = 0. Let q = -6 + u. Suppose y - 53 - 110 = q. Is y a composite number?
False
Let a = 16 - 26. Let x(u) = 2*u**2 + 14*u - 9. Is x(a) composite?
True
Let m = 5264 - 3703. Is m composite?
True
Suppose -4*r - 3*k + 52 + 84 = 0, -4*r = -2*k - 156. Is r prime?
True
Let r(l) = l**2 + 6*l - 1. Let h be r(-7). Suppose -2*p - 8 = -4*p. Is (h/8)/(1/p) prime?
True
Let o = -9 + 13. Suppose 4*p - 3*w = 22, -2*w + o*w = 4. Suppose -2*v - 595 = -p*v. Is v a prime number?
False
Let o(g) = 169*g + 10. Is o(15) a prime number?
False
Suppose 362 = 4*m + 2*a, m - a - 86 = -0*m. Is m a prime number?
True
Let b be ((-91)/(-7))/((-1)/(-178)). Let w be b/14 + (-4)/14. Suppose z + w = 4*z. Is z a prime number?
False
Suppose -4*k + 2 = 10. Let p be -4*((-3)/k - 2). Is p/(-8) - (-282)/8 composite?
True
Suppose -3*j + 0 = -3. Let z(i) = -4*i + 8*i + 3*i. Is z(j) composite?
False
Is (-2)/15 + 18797/15 composite?
True
Is 1734 - (-3 - -12)*(-1)/(-3) prime?
False
Let v(n) = n**2 + 7*n - 5. Suppose x = -7 - 2. Is v(x) a composite number?
False
Suppose 3*x = 5*q + 2*x - 774, 2*x = -4*q + 622. Is q composite?
True
Let u(a) = -20*a**3 - 2*a**2 - 4*a + 1. Is u(-3) a prime number?
False
Suppose -5*o + 11 + 9 = 0. Let h = o + 10. Is h a prime number?
False
Suppose 0 = -5*p - 5, 0 = -6*g + g + 5*p + 23110. Is g prime?
True
Let k(h) = -h**3 + 9. Let i be k(0). Let m = 134 + i. Is m a prime number?
False
Suppose 2*t = -5*l - 3 - 6, 2*t - 3*l = 15. Let c be (2 - (-70)/(-4))*-2. Suppose -2*d = t*b - d - 68, c = b + 2*d. Is b a prime number?
False
Let g = 1 + 1. Suppose -4*u + 11 = -4*c - 13, -8 = g*u + 3*c. Suppose -2*j = 4*f + f - 66, -u*j = -5*f - 106. Is j prime?
True
Suppose 5*l - l = 1176. Let a = 831 - l. Is a a composite number?
True
Suppose 12*z = 13*z + 5. Let r(s) = -17*s - 6. Is r(z) a prime number?
True
Suppose -146 = 3*n - 539. Is n composite?
False
Let z(r) = -r**3 + 7*r**2 - 9*r + 4. Let g be z(6). Is (-1662)/g + (-14)/(-49) a prime number?
False
Let f(a) = 9*a + 1. Suppose 0*v + v = 4. Is f(v) composite?
False
Let s = -1 + -11. Let n be -2*9/s*6. Let k(x) = 2*x**2 - 8*x - 11. Is k(n) composite?
False
Suppose -4*m + 4508 + 2528 = 0. Is m prime?
True
Suppose 4*b + a - 25795 = 0, -4*a - 23730 = -3*b - 4379. Is b prime?
True
Let p be ((-4)/6)/((-4)/12). Suppose 10 = g + t, g - p = -0*t + t. Suppose -g = -3*k + 33. Is k a composite number?
False
Let g be -1 - 1 - -1 - -7. Let x(i) = 8*i**2 + g + i**3 - 5*i**2 - 5*i + 2*i**2. Is x(-5) a prime number?
True
Let n = 3052 + -1839. Is n a prime number?
True
Suppose 4*o - 2*o + 4*m + 56 = 0, m = 2. Let j = o - -71. Is j a composite number?
True
Let a = -11 - -15. Suppose -44 = a*d - 192. Is d a prime number?
True
Let z = -5 + 7. Suppose -4*n + 58 = z. Is n a composite number?
True
Let p be (-2)/3 + 8/3. Suppose -p*a - 5*h = 3*a - 115, 2*a + h = 49. Is (-1)/(2/a)*-1 a composite number?
False
Let h be 2/1 - (18 - 0). Let n = 105 + h. Is n prime?
True
Suppose 5*h + 2*b + 1223 = 0, 2*h - 3*b = -4*b - 490. Suppose p + 1210 = 3*f, 0 = -4*f + 3*p + 1433 + 177. Let d = f + h. Is d a composite number?
True
Let u be 2672/(12/3) + 1. Suppose 6*o - 3*o - u = 0. Is o composite?
False
Suppose 3*b - 232 = m - 2*m, 59 = b + 4*m. Is b a prime number?
True
Let w = 6 - -6. Let c be (-2)/(-5) - w/5. Is ((-1)/c)/(2/84) a prime number?
False
Let i(o) = o**2 + 4. Let w = 3 + -3. Let d be i(w). Suppose d*n - 3*n - 97 = 0. Is n a composite number?
False
Let g(n) = -2*n**2 - 2*n + 1. Let p be g(-2). Let x = p - -5. Suppose -t - x*t = -195. Is t prime?
False
Let d(k) = 104 + 28 + 13 - 2 + k**2. Is d(0) composite?
True
Is (-8814)/(-7) + 2/(-14) a prime number?
True
Let v(x) = 1837*x**2 - 3*x - 3. Is v(-1) prime?
False
Let k(l) = -3*l - 5. Let s be k(-5). Let t = s + -10. Suppose t = 3*z - 2*z - 11. Is z a composite number?
False
Suppose -5*r + 20 = v - 214, 0 = -r - 5*v + 66. Is r composite?
True
Suppose 5*w - 19 = 166. Is w a composite number?
False
Suppose 6945 = 6*f + 2403. Is f a prime number?
True
Suppose 264 = 3*m - 6. Suppose 0 = -0*j + 2*j - u + 13, -3*j - 26 = 5*u. Let w = m + j. Is w a composite number?
False
Let n = -477 + 926. Is n a composite number?
False
Let n(j) = -j**2 + 3*j + 5. Let p be n(5). Let u = p + 7. Is -2*(u + -3) - -87 a prime number?
True
Let u = 40 - -143. Is u prime?
False
Suppose 0 = -t + 6 - 4, 5114 = 4*z + 3*t. Is z a prime number?
True
Let o = -8 - -1. Is ((-14)/4)/(o/238) a prime number?
False
Suppose 10 = 5*w, 3*o + 194 = -2*o - 3*w. Let x be 6/(-5)*o/12. Suppose x*p - 171 = 769. Is p composite?
True
Let h(f) = f**2 + 216. Let y be h(0). Let c = -11 + y. Is c composite?
True
Let o(i) = 933*i - 1. Let y be o(1). Is y/28 - (-2)/(-7) a composite number?
True
Is (-3 - 11/(-2))*146 prime?
False
Let n = 18 - 13. Suppose i = 5*m - 15, i - 4*m + 15 - 3 = 0. Suppose i = n*g - 10, 0 = -0*u + u + 5*g - 29. Is u a composite number?
False
Suppose -2*b + 384 = -102. Suppose -3*l + b = 6. Is l prime?
True
Let t = -27 - -50. Let b(r) = r**2 - 3*r - 10. Let d be b(9). Suppose -t - 93 = -3*p + a, d = p + 5*a. Is p composite?
True
Suppose 3*q - 16 = -q. Suppose 13 + 15 = q*d + 2*x, -7 = -d - 2*x. Is d composite?
False
Suppose 21 = t - 13. Is t a prime number?
False
Let l be 2 + 0 + 90 + -2. Let u(p) = 3*p**2. Let m be u(1). Suppose -m*d + l = -57. Is d a composite number?
True
Let u = -4 + 59. Is u prime?
False
Suppose -t = 2*u - 1, -u = -2*t - t - 11. Let p(o) = -2*o**2 + 6*o**2 - u + 8*o + 7 - 6. Is p(6) a composite number?
False
Let g = 504 - 293. Is g composite?
False
Let y = -151 - -227. Suppose -j = -135 - y. Is j a prime number?
True
Let d = -843 - -1214. Is d a composite number?
True
Let p(j) = 359*j**3 - j**2 - 2*j + 3. Is p(1) a composite number?
False
Suppose -h + 3*c - 6 = 0, -5*h + 2*c + 3*c - 10 = 0. Suppose -j - j = h. Suppose j*n + 186 = 2*n. Is n a prime number?
False
Let g = -1101 - -1990. Is g prime?
False
Let g = 0 + 4. Let x be 818 + -2 - (-1)/(-1). Suppose -c - g*c = -x. Is c a composite number?
False
Suppose 0 = 3*o - 2*w - 1623, 0 = 2*o + w + 2*w - 1082. Is o a prime number?
True
Let u = 224 - -675. Is u composite?
True
Suppose 584 = 3*l - 1309. Is l a prime number?
True
Let v(m) be the first derivative of m**2/2 - 7*m + 1. Let j be v(6). Is (4/(-8))/(j/74) composite?
False
Suppose -5*r = -0*r - 120. Let a be (-2)/(-6) + (-268)/(-6). Let v = a - r. Is v composite?
True
Suppose -4*r + 21 = 1. Suppose -26 = j + 4*b - 9, b = -r. Is 56/j + 2/6 composite?
False
Let u be -134*(3/(-2) - -1). Suppose s - u = 52. Is s composite?
True
Is (2/3)/((-6)/(-11061)) composite?
False
Suppose 30116 + 26228 = 8*q. Is q a prime number?
True
Is (78/30 + -2)/((-2)/(-5210)) composite?
True
Suppose -4*z + 1470 = 134. Is z a composite number?
True
Suppose 4*v - 9 = v, -2*q + v + 319 = 0. Suppose -q + 1219 = 2*r. Is r a composite number?
True
Let k(j) = 20*j**2 + 5*j - 5. Let w be k(4). Suppose 4*q - 309 = w. Is q a composite number?
True
Suppose 0 = 11*f - 12503 - 1236. Is f a composite number?
False
Suppose -3*f = f + 2*n, 0 = -2*f - 3*n. Suppose 3*y - 4*y + 139 = f. Is y a prime number?
True
Let y(g) = 2*g**2 + 3*g - 6. Let d be y(-6). Let r = -34 + d. Suppose -r = -4*p + 2*p. Is p a